he tens digit of 47333025?
2
What is the units digit of 28779099?
9
What is the millions digit of 18481555?
8
What is the ten millions digit of 38551618?
3
What is the ten thousands digit of 2004730608?
3
What is the thousands digit of 36793050?
3
What is the hundred millions digit of 127647420?
1
What is the units digit of 225941633?
3
What is the units digit of 389906761?
1
What is the hundred millions digit of 1288789181?
2
What is the thousands digit of 974004252?
4
What is the units digit of 13243274?
4
What is the thousands digit of 2416299985?
9
What is the units digit of 2769916567?
7
What is the hundreds digit of 191181253?
2
What is the hundred thousands digit of 25993699?
9
What is the thousands digit of 462284432?
4
What is the millions digit of 695464875?
5
What is the thousands digit of 693094498?
4
What is the hundred thousands digit of 5906268786?
2
What is the tens digit of 2150592513?
1
What is the millions digit of 96088582?
6
What is the ten thousands digit of 274610976?
1
What is the tens digit of 51333692?
9
What is the ten millions digit of 82359294?
8
What is the hundreds digit of 3705818938?
9
What is the hundreds digit of 2658943305?
3
What is the tens digit of 229527806?
0
What is the tens digit of 715958?
5
What is the ten millions digit of 50457977?
5
What is the thousands digit of 92024415?
4
What is the thousands digit of 7612383?
2
What is the thousands digit of 754621346?
1
What is the millions digit of 1774423?
1
What is the tens digit of 9908238?
3
What is the thousands digit of 250051918?
1
What is the ten millions digit of 47931255?
4
What is the ten millions digit of 105169190?
0
What is the hundred millions digit of 1102432981?
1
What is the units digit of 963225903?
3
What is the thousands digit of 3135789?
5
What is the hundred thousands digit of 83971709?
9
What is the ten millions digit of 186898562?
8
What is the millions digit of 309130737?
9
What is the tens digit of 301363070?
7
What is the hundreds digit of 104046382?
3
What is the hundred thousands digit of 1725179341?
1
What is the millions digit of 571257068?
1
What is the hundred millions digit of 199607949?
1
What is the ten thousands digit of 485786767?
8
What is the tens digit of 285239423?
2
What is the thousands digit of 1016593871?
3
What is the hundred millions digit of 260222032?
2
What is the hundred thousands digit of 1634683?
6
What is the millions digit of 12628397?
2
What is the hundreds digit of 171257949?
9
What is the thousands digit of 117736668?
6
What is the ten millions digit of 47466271?
4
What is the hundreds digit of 3221668843?
8
What is the hundred millions digit of 195439672?
1
What is the billions digit of 1538520567?
1
What is the ten thousands digit of 583211086?
1
What is the tens digit of 57650874?
7
What is the tens digit of 14886967?
6
What is the hundred millions digit of 2560745702?
5
What is the units digit of 58797545?
5
What is the hundred millions digit of 4135774248?
1
What is the units digit of 7229634576?
6
What is the hundred thousands digit of 708649219?
6
What is the ten millions digit of 916129904?
1
What is the tens digit of 53927520?
2
What is the hundred thousands digit of 132881679?
8
What is the billions digit of 3856675591?
3
What is the tens digit of 2076946?
4
What is the units digit of 72051641?
1
What is the units digit of 413484644?
4
What is the tens digit of 33322568?
6
What is the hundred thousands digit of 179399615?
3
What is the units digit of 45486533?
3
What is the hundreds digit of 852605452?
4
What is the ten thousands digit of 52334664?
3
What is the ten millions digit of 1649202107?
4
What is the ten thousands digit of 1624650070?
5
What is the tens digit of 524660796?
9
What is the hundreds digit of 84818015?
0
What is the thousands digit of 11094414?
4
What is the ten thousands digit of 1710479197?
7
What is the ten millions digit of 157821486?
5
What is the tens digit of 29921634?
3
What is the thousands digit of 2439418137?
8
What is the hundreds digit of 37717317?
3
What is the hundred thousands digit of 5854979920?
9
What is the hundred millions digit of 172520200?
1
What is the ten millions digit of 1166623003?
6
What is the hundred millions digit of 2471704647?
4
What is the tens digit of 6541590?
9
What is the hundreds digit of 20319124?
1
What is the millions digit of 35903438?
5
What is the hundred millions digit of 100848939?
1
What is the hundred thousands digit of 329345870?
3
What is the millions digit of 336065728?
6
What is the units digit of 142865356?
6
What is the ten millions digit of 37104008?
3
What is the tens digit of 3337896895?
9
What is the hundred millions digit of 3009038323?
0
What is the ten thousands digit of 611193352?
9
What is the hundred millions digit of 407496125?
4
What is the ten thousands digit of 117461952?
6
What is the tens digit of 2781463877?
7
What is the ten thousands digit of 491558630?
5
What is the tens digit of 1496479326?
2
What is the hundreds digit of 1451727016?
0
What is the ten millions digit of 237768861?
3
What is the hundred thousands digit of 552808493?
8
What is the thousands digit of 3963682220?
2
What is the hundreds digit of 811775674?
6
What is the ten millions digit of 251646690?
5
What is the billions digit of 2553867943?
2
What is the units digit of 174834935?
5
What is the millions digit of 6699112?
6
What is the ten millions digit of 212526729?
1
What is the ten millions digit of 803976604?
0
What is the tens digit of 588925358?
5
What is the hundreds digit of 6252193336?
3
What is the millions digit of 48190322?
8
What is the hundred millions digit of 151150690?
1
What is the ten millions digit of 40599097?
4
What is the millions digit of 67105725?
7
What is the billions digit of 1030703209?
1
What is the thousands digit of 4894232?
4
What is the hundred thousands digit of 1679658732?
6
What is the tens digit of 671044512?
1
What is the hundred thousands digit of 580483785?
4
What is the millions digit of 55453824?
5
What is the hundred millions digit of 398194577?
3
What is the billions digit of 2502375126?
2
What is the units digit of 77790194?
4
What is the tens digit of 590274657?
5
What is the tens digit of 24498567?
6
What is the hundreds digit of 2546691783?
7
What is the hundred thousands digit of 1807846706?
8
What is the ten millions digit of 296594316?
9
What is the hundred thousands digit of 2325755720?
7
What is the units digit of 78599463?
3
What is the tens digit of 135245422?
2
What is the ten millions digit of 857723520?
5
What is the units digit of 205270983?
3
What is the thousands digit of 571606795?
6
What is the millions digit of 180769559?
0
What is the millions digit of 644906429?
4
What is the hundred thousands digit of 212287338?
2
What is the hundred millions digit of 230559224?
2
What is the hundred millions digit of 446332467?
4
What is the hundred thousands digit of 531991115?
9
What is the units digit of 132345952?
2
What is the tens digit of 2304564935?
3
What is the ten thousands digit of 93895698?
9
What is the units digit of 37984679?
9
What is the hundred thousands digit of 1220991313?
9
What is the hundred thousands digit of 1231116885?
1
What is the hundred thousands digit of 796581041?
5
What is the millions digit of 61508173?
1
What is the ten thousands digit of 3236195894?
9
What is the tens digit of 126806580?
8
What is the tens digit of 87576870?
7
What is the tens digit of 468650951?
5
What is the hundred millions digit of 249754928?
2
What is the ten millions digit of 1157925672?
5
What is the thousands digit of 37739380?
9
What is the tens digit of 23305235?
3
What is the units digit of 1309159452?
2
What is the thousands digit of 10050273?
0
What is the tens digit of 45179665?
6
What is the thousands digit of 35398873?
8
What is the hundred thousands digit of 68145832?
1
What is the hundred millions digit of 569345227?
5
What is the hundred millions digit of 104529406?
1
What is the tens digit of 1591060108?
0
What is the tens digit of 875699643?
4
What is the tens digit of 2342381271?
7
What is the ten thousands digit of 1169677244?
7
What is the units digit of 1986989010?
0
What is the millions digit of 237502627?
7
What is the hundred thousands dig